e 11
-a80480
130243 (base 16) to base 10
1245763
-3530321 (base 6) to base 7
-1361053
-35003445 (base 6) to base 11
-673931
What is -1094418 (base 10) in base 15?
-169413
What is 111111101010011110 (base 2) in base 11?
168a10
-38bcc (base 14) to base 2
-100010000100010000
-100 (base 5) to base 15
-1a
24615070 (base 8) to base 4
110301220320
What is 247621 (base 8) in base 2?
10100111110010001
112320013 (base 6) to base 4
13323201021
2514400 (base 8) to base 16
a9900
What is -546015 (base 7) in base 10?
-95709
-31230622 (base 7) to base 15
-36e13a
What is 173a0a (base 11) in base 2?
1000001100111001111
What is -10100000101100001000001 (base 2) in base 15?
-6e0218
Convert -38067a (base 11) to base 16.
-92c06
Convert 10010101100 (base 3) to base 4.
33001023
Convert -388c4 (base 16) to base 15.
-48965
Convert 6076965 (base 10) to base 6.
334130033
13304046 (base 10) to base 3
221000220201110
221223 (base 7) to base 6
455550
-c0c7d5 (base 16) to base 11
-714a188
-202347 (base 10) to base 16
-3166b
Convert -10010010001000111010 (base 2) to base 9.
-1112085
What is -1d75b (base 14) in base 8?
-223425
1ad46 (base 15) to base 2
10101010101000110
What is 1001000011011110110 (base 2) in base 3?
120001222200
Convert -38a88 (base 11) to base 9.
-84575
What is d5254 (base 16) in base 10?
873044
Convert 1a018 (base 12) to base 16.
9494
What is -266b6 (base 12) in base 9?
-80433
What is 22130032111 (base 4) in base 8?
12341625
What is b7e2c (base 15) in base 5?
122134232
Convert -3245042 (base 7) to base 10.
-397910
What is 59416 (base 10) in base 14?
17920
Convert -656411 (base 7) to base 10.
-115109
15213245 (base 7) to base 2
101100001110000000011
Convert -603115 (base 9) to base 5.
-42402301
2a02a44 (base 11) to base 14
983808
What is -403320 (base 11) in base 13?
-19929c
What is -1111010011100101111 (base 2) in base 14?
-d0ad1
What is -3976927 (base 11) in base 16?
-68ea55
What is 40888 (base 10) in base 4?
21332320
Convert 2b027 (base 12) to base 5.
3414021
What is -10322152 (base 6) in base 3?
-120120020112
-112111160 (base 7) to base 4
-122012232110
What is 11010101101011001 (base 2) in base 10?
109401
What is -40320044 (base 8) in base 15?
-b2c12a
Convert 204240341 (base 5) to base 13.
23b0c4
1090120 (base 10) to base 11
685029
-1c88f1 (base 16) to base 4
-13020203301
128aae9 (base 15) to base 6
1154052150
What is 5286116 (base 9) in base 13?
7821c3
Convert 40460 (base 10) to base 4.
21320030
Convert 111010330 (base 4) to base 16.
1513c
Convert -4aa0 (base 11) to base 16.
-19f4
What is 3322133 (base 4) in base 3?
210222202
Convert -1551077 (base 9) to base 2.
-11010010000010000010
What is 20b6b (base 15) in base 9?
167372
-77b58 (base 12) to base 11
-a9425
Convert -20343030 (base 5) to base 15.
-34de5
What is 24a745 (base 11) in base 9?
661586
117342 (base 16) to base 4
10113031002
What is -401636 (base 10) in base 7?
-3261644
763497 (base 10) to base 5
143412442
11440635 (base 9) to base 2
10101010001101010011000
Convert -323040 (base 14) to base 7.
-20303110
Convert -46b712 (base 13) to base 16.
-19a9ef
6f0da (base 16) to base 8
1570332
Convert -2257425 (base 8) to base 3.
-1011012110212
-20335277 (base 9) to base 7
-146005120
What is 11b1767 (base 15) in base 2?
110000011111011111110010
Convert -ccac2a (base 13) to base 9.
-10058831
What is 21451 (base 13) in base 4?
32222131
What is 73391 (base 15) in base 4?
1121023333
What is 331030 (base 8) in base 6?
2214252
22121210200020 (base 3) to base 16
45eb71
-773654 (base 8) to base 15
-52092
What is 157da5 (base 15) in base 4?
3331231211
What is -3c8104 (base 13) in base 10?
-1474360
What is 4369192 (base 10) in base 11?
2514703
720a3 (base 12) to base 6
3104323
What is -1131202002 (base 4) in base 2?
-1011101100010000010
-9262 (base 10) to base 2
-10010000101110
What is -93115 (base 11) in base 4?
-201023123
What is 682a57a (base 11) in base 8?
55501342
-99c7c (base 16) to base 14
-12579a
Convert 1c0d64 (base 16) to base 5.
432312221
Convert -10011011011111111000101 (base 2) to base 8.
-23337705
Convert 142445 (base 9) to base 13.
30863
What is -50362533 (base 7) in base 9?
-7775610
What is 49a08 (base 11) in base 9?
118384
101011200200 (base 3) to base 10
200250
Convert -9356015 (base 10) to base 16.
-8ec2ef
-13bb9b (base 12) to base 4
-1100333213
Convert -142423430 (base 5) to base 8.
-2666107
-11101101110101111100000 (base 2) to base 13
-17cb522
Convert -1003131313021 (base 4) to base 14.
-24c546d
Convert 479d25 (base 14) to base 15.
3352aa
-b9c7 (base 13) to base 16
-64fb
Convert -1000100000001110001 (base 2) to base 8.
-1040161
What is 123131430 (base 5) in base 6?
20501034
What is 2243133 (base 5) in base 6?
511042
-5248216 (base 9) to base 5
-1204320211
What is -22401055 (base 6) in base 5?
-133401124
What is 554102111 (base 6) in base 13?
20bb403
What is -1989a67 (base 11) in base 15?
-463025
-53796 (base 10) to base 6
-1053020
Convert -209736 (base 10) to base 8.
-631510
-13ba6 (base 14) to base 5
-3031300
What is 2121200021200 (base 3) in base 9?
2550250
Convert -1c72b0a (base 13) to base 5.
-4412113030
1000010220222 (base 3) to base 12
219252
What is 32189a3 (base 11) in base 2?
10101100110101000101100
-10111011100000110111 (base 2) to base 10
-768055
1011101111111010 (base 2) to base 13
18b99
What is 40330002 (base 5) in base 14?
85db2
Convert -15cab7 (base 15) to base 12.
-42a93a
What is -a9478a (base 12) in base 15?
-37ee4a
What is 20122302 (base 4) in base 6?
423350
-6714a0 (base 12) to base 16
-190878
What is -312300 (base 11) in base 12?
-2019ab
280d7 (base 14) to base 6
2042113
Convert -161a2a (base 11) to base 16.
-3d64e
-2892404 (base 11) to base 8
-22744061
What is -2311430 (base 5) in base 11?
-29199
Convert -42652c (base 14) to base 5.
-1033324422
53baca (base 16) to base 14
a2ba66
Convert 53883 (base 10) to base 8.
151173
What is 5241376 (base 8) in base 2?
101010100001011111110
Convert 88004 (base 11) to base 13.
46213
Convert -11c20c6 (base 13) to base 12.
-1a3517a
Convert 1745466 (base 10) to base 12.
702136
Convert 24ada3 (base 14) to base 4.
10303132303
What is -55a8ba (base 15) in base 2?
-1111100101011111011101
What is -21435016 (base 7) in base 14?
-35cc46
2042d5 (base 16) to base 10
2114261
-23188 (base 14) to base 4
-110312010
-132213130 (base 4) to base 15
-27254
-9c51 (base 14) to base 2
-110100111101111
40c3fe (base 16) to base 5
2041310403
What is -11243267 (base 9) in base 13?
-1192975
3083853 (base 9) to base 10
1649694
What is 382809 (base 11) in base 2?
10010011011100010000
Convert -7ffb5 (base 16) to base 3.
-222122002022
Convert 1100001001100101010 (base 2) to base 10.
398122
Convert 4909a7 (base 13) to base 10.
1743879
-4013025 (base 7) to base 8
-1635675
Convert -37536 (base 10) to base 9.
-56436
What is -20341342 (base 5) in base 8?
-510633
Convert 121122352 (base 6) to base 12.
9293b8
Convert -1110110010011011111101 (base 2) to base 7.
-44644025
Convert 212202122112021 (base 3) to base 5.
11213121311
Convert 11101431 (base 5) to base 11.
66a68
What is e5b0e (base 15) in base 12?
2b1442
Convert 327cd7 (base 15) to base 9.
4466244
Convert -8d1313 (base 16) to base 7.
-141404456
20241050 (base 6) to base 11
36744a
121102120211 (base 3) to base 16
4ef2e
33503343 (base 6) to base 9
1823360
Convert 22212210100 (base 3) to base 15.
36bdc
1930391 (base 12) to base 3
100221200002001
-79680 (base 10) to base 8
-233500
Convert -140708b (base 14) to base 6.
-543524055
-47687 (base 11) to base 2
-10000110001011110
What is -2487372 (base 9) in base 7?
-14351126
183394 (base 11) to base 6
10020302
Convert -10304413131 (base 5) to base 3.
-202201112201221
What is -7750 (base 13) in base 7?
-66322
Convert 13301053 (base 6) to base 9.
745306
What is 1021210202212 (base 3) in base 13?
1acaa7
-645247 (base 9) to base 4
-1131312010
-435702 (base 8) to base 7
-1146510
28304 (base 16) to base 14
43dc0
10212200121 (base 3) to base 2
10010101000011110
-133576 (base 11) to base 12
-a13b3
112111121101 (base 3) to base 6
10041401
What is -2327971 (base 11) in base 3?
-21122120120010
Convert 64e35d (base 15) to base 6.
251005311
7cec (base 15) to base 10
26547
Convert -103122030130 (base 4) to base 5.
-2300304103
Convert 32133213 (base 4) to base 10.
59367
Convert -41000040 (